{"id":408,"date":"2018-11-15T09:14:23","date_gmt":"2018-11-15T09:14:23","guid":{"rendered":"https:\/\/demo.everestthemes.com\/everestnews\/demo\/everest-news-pro-i\/?page_id=408"},"modified":"2019-10-18T20:40:29","modified_gmt":"2019-10-18T18:40:29","slug":"about-us","status":"publish","type":"page","link":"https:\/\/beesel-brueggen.eu\/?page_id=408","title":{"rendered":"Impressum und rechtliche Hinweise"},"content":{"rendered":"<h3><span style=\"font-size: 1.4em;\">Herausgeber<\/span><\/h3>\n<div>\n<address>Gemeindeverwaltung Br\u00fcggen<br \/>\nDer B\u00fcrgermeister<br \/>\nKlosterstra\u00dfe 38<br \/>\n41379 Br\u00fcggen<br \/>\nTelefon: +49 (0)2163 5701-176<\/address>\n<address>guido.schmidt@brueggen.de<\/address>\n<address>\u00a0<\/address>\n<address><strong>USt-IdNr.: DE119105933<\/strong><\/address>\n<p>Die Burggemeinde Br\u00fcggen ist eine K\u00f6rperschaft des \u00d6ffentlichen Rechts. Sie wird vertreten durch den B\u00fcrgermeister Frank Gellen.<\/p>\n<h3>Rechtliche Hinweise<\/h3>\n<p>Wir sind bem\u00fcht, f\u00fcr die Richtigkeit und Aktualit\u00e4t aller auf unserer Website enthaltenen Informationen und Daten zu sorgen. Eine Haftung oder Garantie f\u00fcr die Aktualit\u00e4t, Richtigkeit und Vollst\u00e4ndigkeit der zur Verf\u00fcgung gestellten Informationen und Daten ist jedoch ausgeschlossen. Dies gilt ebenso f\u00fcr alle anderen Websites, auf die mittels eines Hyperlinks verwiesen wird. F\u00fcr den Inhalt solcher Websites, die mittels einer solchen Verbindung erreicht werden, sind wir ebenfalls nicht verantwortlich.<\/p>\n<p>Wir behalten uns vor, ohne Ank\u00fcndigung \u00c4nderungen oder Erg\u00e4nzungen der bereitgestellten Informationen oder Daten vorzunehmen. Der Inhalt unserer Website ist urheberrechtlich gesch\u00fctzt. Die Vervielf\u00e4ltigung von Informationen oder Daten, insbesondere die Verwendung von Texten, Textteilen oder Bildmaterial bedarf unserer vorherigen Zustimmung.<\/p>\n<p>Alle genannten Firmen-, Produkt- und Markenbezeichnungen sind Eigentum der jeweiligen Inhaber und in der Regel marken-, patent- oder gebrauchsmusterrechtlich gesch\u00fctzt.<\/p>\n<p>Hinweise zu den Rechten an unseren Seiten Text, Bilder, Grafiken, Sound, Animationen und Videos sowie deren Anordnung auf unseren Websites unterliegen dem Schutz des Urheberrechts und anderer Schutzgesetze.<\/p>\n<p>Der Inhalt dieser Websites darf ohne unsere ausdr\u00fcckliche Genehmigung nicht kopiert, verbreitet oder ver\u00e4ndert werden. Einige Websites der Gemeinde enthalten au\u00dferdem Bilder, die dem Copyright Dritter unterliegen &#8211; auf dieses Copyright Anderer weisen wir hiermit hin.<\/p>\n<\/div>\n","protected":false},"excerpt":{"rendered":"<p>Herausgeber Gemeindeverwaltung Br\u00fcggen Der B\u00fcrgermeister Klosterstra\u00dfe 38 41379 Br\u00fcggen Telefon: +49 (0)2163 5701-176 guido.schmidt@brueggen.de \u00a0<\/p>\n","protected":false},"author":1,"featured_media":0,"parent":0,"menu_order":0,"comment_status":"closed","ping_status":"closed","template":"","meta":[],"_links":{"self":[{"href":"https:\/\/beesel-brueggen.eu\/index.php?rest_route=\/wp\/v2\/pages\/408"}],"collection":[{"href":"https:\/\/beesel-brueggen.eu\/index.php?rest_route=\/wp\/v2\/pages"}],"about":[{"href":"https:\/\/beesel-brueggen.eu\/index.php?rest_route=\/wp\/v2\/types\/page"}],"author":[{"embeddable":true,"href":"https:\/\/beesel-brueggen.eu\/index.php?rest_route=\/wp\/v2\/users\/1"}],"replies":[{"embeddable":true,"href":"https:\/\/beesel-brueggen.eu\/index.php?rest_route=%2Fwp%2Fv2%2Fcomments&post=408"}],"version-history":[{"count":4,"href":"https:\/\/beesel-brueggen.eu\/index.php?rest_route=\/wp\/v2\/pages\/408\/revisions"}],"predecessor-version":[{"id":1318,"href":"https:\/\/beesel-brueggen.eu\/index.php?rest_route=\/wp\/v2\/pages\/408\/revisions\/1318"}],"wp:attachment":[{"href":"https:\/\/beesel-brueggen.eu\/index.php?rest_route=%2Fwp%2Fv2%2Fmedia&parent=408"}],"curies":[{"name":"wp","href":"https:\/\/api.w.org\/{rel}","templated":true}]}}